{"id":6333,"date":"2025-12-02T08:10:13","date_gmt":"2025-12-02T07:10:13","guid":{"rendered":"https:\/\/santraimon.cat\/i-concurs-photograficab\/"},"modified":"2026-02-03T10:10:38","modified_gmt":"2026-02-03T09:10:38","slug":"diverticab","status":"publish","type":"page","link":"https:\/\/santraimon.cat\/es\/diverticab\/","title":{"rendered":"DIVERTICAB 2026: Concierto de D\u00e0maris Gelabert"},"content":{"rendered":"<p>[vc_row][vc_column][vc_column_text]<\/p>\n<h3 style=\"text-align: center;\"><span style=\"color: #66372c;\"><strong>DIVERTICAB: CONCIERTO DE D\u00c0MARIS GELABERT Y MERIENDA<\/strong><\/span><\/h3>\n<hr \/>\n<p>El <strong>s\u00e1bado 31 de enero de 2026, a las 18 h<\/strong>, tendr\u00e1 lugar el Diverticab. Este a\u00f1o, la fiesta infantil de Sant Raimon ser\u00e1 un concierto familiar a cargo de la reconocida artista D\u00e0maris Gelabert, quien interpretar\u00e1 algunas de sus canciones m\u00e1s populares.<\/p>\n<p>Posteriormente, en el Pati de Columnes, \u00a1habr\u00e1 una merienda para los m\u00e1s peque\u00f1os!<\/p>\n<p>\u00a1Una tarde pensada para que los colegiados y colegiadas del ICAB disfruten en familia!<\/p>\n<p><span style=\"color: #ff6600;\">Para asistir a esta actividad, es imprescindible adquirir invitaci\u00f3n. Cada colegiado\/a puede solicitar hasta cuatro entradas. AFORO LIMITADO.\u00a0 <strong>\u00a0<\/strong><\/span><\/p>\n<p style=\"text-align: left;\"><span style=\"color: #66372c;\"><strong>Informaci\u00f3n y solicitud de entradas<\/strong><\/span><\/p>\n<hr \/>\n<p>Tel. 93 601 12 60<\/p>\n<p><strong><a href=\"mailto:comunicacio@icab.cat\" target=\"_blank\" rel=\"noopener\">comunicacio@icab.cat<\/a><\/strong>[\/vc_column_text][\/vc_column][\/vc_row][vc_row][vc_column][vc_btn title=\u00bbENTRADAS AGOTADAS\u00bb color=\u00bbcustom\u00bb size=\u00bbxlg\u00bb align=\u00bbcenter\u00bb i_icon_fontawesome=\u00bbfas fa-link\u00bb add_icon=\u00bbtrue\u00bb link=\u00bburl:%23||target:%20_blank|\u00bb custom_color=\u00bb#66372c\u00bb][\/vc_column][\/vc_row][vc_row][vc_column][om_agenda display_speakers=\u00bb\u00bb description_expand=\u00bbyes\u00bb][om_agenda_day title=\u00bbS\u00c1BADO\u00bb date=\u00bb31\/01\/2026&#8243;][om_agenda_item icon_fontawesome=\u00bb\u00bb speaker_links=\u00bb\u00bb time=\u00bb18 h\u00bb title=\u00bbDiverticab: concierto de D\u00e0maris Gelabert y merienda\u00bb room=\u00bbSal\u00f3n de Actos ICAB\u00bb][\/om_agenda_item][\/om_agenda_day][\/om_agenda][\/vc_column][\/vc_row]<\/p>\n","protected":false},"excerpt":{"rendered":"<p>[vc_row][vc_column][vc_column_text] DIVERTICAB: CONCIERTO DE D\u00c0MARIS GELABERT Y MERIENDA El s\u00e1bado 31 de enero de 2026, a las 18 h, tendr\u00e1 lugar el Diverticab. Este a\u00f1o,&hellip;<\/p>\n<p><a href=\"https:\/\/santraimon.cat\/es\/diverticab\/\" class=\"read-more-link\"><span class=\"read-more-icon\"><\/span>Read more<\/a><\/p>\n","protected":false},"author":899,"featured_media":11821,"parent":0,"menu_order":0,"comment_status":"closed","ping_status":"closed","template":"","meta":{"_monsterinsights_skip_tracking":false,"_monsterinsights_sitenote_active":false,"_monsterinsights_sitenote_note":"","_monsterinsights_sitenote_category":0,"footnotes":""},"_links":{"self":[{"href":"https:\/\/santraimon.cat\/es\/wp-json\/wp\/v2\/pages\/6333"}],"collection":[{"href":"https:\/\/santraimon.cat\/es\/wp-json\/wp\/v2\/pages"}],"about":[{"href":"https:\/\/santraimon.cat\/es\/wp-json\/wp\/v2\/types\/page"}],"author":[{"embeddable":true,"href":"https:\/\/santraimon.cat\/es\/wp-json\/wp\/v2\/users\/899"}],"replies":[{"embeddable":true,"href":"https:\/\/santraimon.cat\/es\/wp-json\/wp\/v2\/comments?post=6333"}],"version-history":[{"count":75,"href":"https:\/\/santraimon.cat\/es\/wp-json\/wp\/v2\/pages\/6333\/revisions"}],"predecessor-version":[{"id":12007,"href":"https:\/\/santraimon.cat\/es\/wp-json\/wp\/v2\/pages\/6333\/revisions\/12007"}],"wp:featuredmedia":[{"embeddable":true,"href":"https:\/\/santraimon.cat\/es\/wp-json\/wp\/v2\/media\/11821"}],"wp:attachment":[{"href":"https:\/\/santraimon.cat\/es\/wp-json\/wp\/v2\/media?parent=6333"}],"curies":[{"name":"wp","href":"https:\/\/api.w.org\/{rel}","templated":true}]}}

DIVERTICAB 2026: Concierto de Dàmaris Gelabert

<p>[vc_row][vc_column][vc_column_text]</p>
<h3 style="text-align: center;"><span style="color: #66372c;"><strong>DIVERTICAB: CONCIERTO DE DÀMARIS GELABERT Y MERIENDA</strong></span></h3>
<hr />
<p>El <strong>sábado 31 de enero de 2026, a las 18 h</strong>, tendrá lugar el Diverticab. Este año, la fiesta infantil de Sant Raimon será un concierto familiar a cargo de la reconocida artista Dàmaris Gelabert, quien interpretará algunas de sus canciones más populares.</p>
<p>Posteriormente, en el Pati de Columnes, ¡habrá una merienda para los más pequeños!</p>
<p>¡Una tarde pensada para que los colegiados y colegiadas del ICAB disfruten en familia!</p>
<p><span style="color: #ff6600;">Para asistir a esta actividad, es imprescindible adquirir invitación. Cada colegiado/a puede solicitar hasta cuatro entradas. AFORO LIMITADO.  <strong> </strong></span></p>
<p style="text-align: left;"><span style="color: #66372c;"><strong>Información y solicitud de entradas</strong></span></p>
<hr />
<p>Tel. 93 601 12 60</p>
<p><strong><a href="mailto:comunicacio@icab.cat" target="_blank" rel="noopener">comunicacio@icab.cat</a></strong>[/vc_column_text][/vc_column][/vc_row][vc_row][vc_column][vc_btn title=»ENTRADAS AGOTADAS» color=»custom» size=»xlg» align=»center» i_icon_fontawesome=»fas fa-link» add_icon=»true» link=»url:%23||target:%20_blank|» custom_color=»#66372c»][/vc_column][/vc_row][vc_row][vc_column][om_agenda display_speakers=»» description_expand=»yes»][om_agenda_day title=»SÁBADO» date=»31/01/2026&#8243;][om_agenda_item icon_fontawesome=»» speaker_links=»» time=»18 h» title=»Diverticab: concierto de Dàmaris Gelabert y merienda» room=»Salón de Actos ICAB»][/om_agenda_item][/om_agenda_day][/om_agenda][/vc_column][/vc_row]</p>

<p>[vc_row][vc_column][vc_column_text] DIVERTICAB: CONCIERTO DE DÀMARIS GELABERT Y MERIENDA El sábado 31 de enero de 2026, a las 18 h, tendrá lugar el Diverticab. Este año,&hellip;</p>
<p><a href="https://santraimon.cat/es/diverticab/" class="read-more-link"><span class="read-more-icon"></span>Read more</a></p>
