{"id":9697,"date":"2025-12-04T12:08:35","date_gmt":"2025-12-04T11:08:35","guid":{"rendered":"https:\/\/santraimon.cat\/futbol-11-i-femeni\/"},"modified":"2025-12-10T12:56:28","modified_gmt":"2025-12-10T11:56:28","slug":"visita-infantil-biblioteca","status":"publish","type":"page","link":"https:\/\/santraimon.cat\/es\/visita-infantil-biblioteca\/","title":{"rendered":"Visita infantil a la Biblioteca del ICAB"},"content":{"rendered":"<p>[vc_row][vc_column][vc_column_text]<\/p>\n<h3 style=\"text-align: center;\"><span style=\"color: #66372c;\"><strong>VISITA INFANTIL A LA BIBLIOTECA\u00a0\u00a0<\/strong><\/span><\/h3>\n<hr \/>\n<p>El s\u00e1bado 31 de enero de 2026, a las 16 h, tendr\u00e1 lugar una visita infantil a la Biblioteca del ICAB.<\/p>\n<p><strong>\u00a1Un viaje a la Biblioteca del tiempo!<\/strong><\/p>\n<p>\u00bfQuieres saber c\u00f3mo le\u00edan nuestros antepasados? \u00bfC\u00f3mo crees que ser\u00e1n los libros del futuro? \u00bfConoces los distintos alfabetos y tipograf\u00edas? \u00bfSabes cu\u00e1ndo se invent\u00f3 la imprenta? \u00bfC\u00f3mo se hac\u00edan las copias antiguamente? Si quieres conocer todas estas respuestas y m\u00e1s ven el d\u00eda 31 de enero a la Biblioteca.<\/p>\n<p>La actividad incluye la visita a la Biblioteca colegial.<\/p>\n<p><strong>* NOTA:<\/strong> Actividad para ni\u00f1os\/ni\u00f1as a partir de 4 a\u00f1os.<\/p>\n<p>La actividad de la Biblioteca comenzar\u00e1 a las 16 h.<\/p>\n<p><span style=\"color: #ff6600;\">Para asistir a esta actividad, es imprescindible inscripci\u00f3n previa mediante un e-mail a <a href=\"mailto:biblioteca@icab.cat\" target=\"_blank\" rel=\"noopener\">biblioteca@icab.cat<\/a>. <strong>Cada colegiado\/a puede acceder a cuatro entradas. PLAZAS LIMITADAS.\u00a0<\/strong><\/span>[\/vc_column_text][\/vc_column][\/vc_row][vc_row][vc_column][om_agenda display_speakers=\u00bb\u00bb description_expand=\u00bbyes\u00bb][om_agenda_day title=\u00bbS\u00c1BADO\u00bb date=\u00bb31\/01\/2026&#8243;][om_agenda_item icon_fontawesome=\u00bb\u00bb speaker_links=\u00bb\u00bb time=\u00bb16 h\u00bb title=\u00bbVisita infantil a la Biblioteca del ICAB\u00bb room=\u00bbAntesala de la Biblioteca\u00bb][\/om_agenda_item][\/om_agenda_day][\/om_agenda][\/vc_column][\/vc_row]<\/p>\n","protected":false},"excerpt":{"rendered":"<p>[vc_row][vc_column][vc_column_text] VISITA INFANTIL A LA BIBLIOTECA\u00a0\u00a0 El s\u00e1bado 31 de enero de 2026, a las 16 h, tendr\u00e1 lugar una visita infantil a la Biblioteca&hellip;<\/p>\n<p><a href=\"https:\/\/santraimon.cat\/es\/visita-infantil-biblioteca\/\" class=\"read-more-link\"><span class=\"read-more-icon\"><\/span>Read more<\/a><\/p>\n","protected":false},"author":899,"featured_media":11821,"parent":0,"menu_order":0,"comment_status":"closed","ping_status":"closed","template":"","meta":{"_monsterinsights_skip_tracking":false,"_monsterinsights_sitenote_active":false,"_monsterinsights_sitenote_note":"","_monsterinsights_sitenote_category":0,"footnotes":""},"_links":{"self":[{"href":"https:\/\/santraimon.cat\/es\/wp-json\/wp\/v2\/pages\/9697"}],"collection":[{"href":"https:\/\/santraimon.cat\/es\/wp-json\/wp\/v2\/pages"}],"about":[{"href":"https:\/\/santraimon.cat\/es\/wp-json\/wp\/v2\/types\/page"}],"author":[{"embeddable":true,"href":"https:\/\/santraimon.cat\/es\/wp-json\/wp\/v2\/users\/899"}],"replies":[{"embeddable":true,"href":"https:\/\/santraimon.cat\/es\/wp-json\/wp\/v2\/comments?post=9697"}],"version-history":[{"count":28,"href":"https:\/\/santraimon.cat\/es\/wp-json\/wp\/v2\/pages\/9697\/revisions"}],"predecessor-version":[{"id":11809,"href":"https:\/\/santraimon.cat\/es\/wp-json\/wp\/v2\/pages\/9697\/revisions\/11809"}],"wp:featuredmedia":[{"embeddable":true,"href":"https:\/\/santraimon.cat\/es\/wp-json\/wp\/v2\/media\/11821"}],"wp:attachment":[{"href":"https:\/\/santraimon.cat\/es\/wp-json\/wp\/v2\/media?parent=9697"}],"curies":[{"name":"wp","href":"https:\/\/api.w.org\/{rel}","templated":true}]}}

<p>[vc_row][vc_column][vc_column_text]</p>
<h3 style="text-align: center;"><span style="color: #66372c;"><strong>VISITA INFANTIL A LA BIBLIOTECA  </strong></span></h3>
<hr />
<p>El sábado 31 de enero de 2026, a las 16 h, tendrá lugar una visita infantil a la Biblioteca del ICAB.</p>
<p><strong>¡Un viaje a la Biblioteca del tiempo!</strong></p>
<p>¿Quieres saber cómo leían nuestros antepasados? ¿Cómo crees que serán los libros del futuro? ¿Conoces los distintos alfabetos y tipografías? ¿Sabes cuándo se inventó la imprenta? ¿Cómo se hacían las copias antiguamente? Si quieres conocer todas estas respuestas y más ven el día 31 de enero a la Biblioteca.</p>
<p>La actividad incluye la visita a la Biblioteca colegial.</p>
<p><strong>* NOTA:</strong> Actividad para niños/niñas a partir de 4 años.</p>
<p>La actividad de la Biblioteca comenzará a las 16 h.</p>
<p><span style="color: #ff6600;">Para asistir a esta actividad, es imprescindible inscripción previa mediante un e-mail a <a href="mailto:biblioteca@icab.cat" target="_blank" rel="noopener">biblioteca@icab.cat</a>. <strong>Cada colegiado/a puede acceder a cuatro entradas. PLAZAS LIMITADAS. </strong></span>[/vc_column_text][/vc_column][/vc_row][vc_row][vc_column][om_agenda display_speakers=»» description_expand=»yes»][om_agenda_day title=»SÁBADO» date=»31/01/2026&#8243;][om_agenda_item icon_fontawesome=»» speaker_links=»» time=»16 h» title=»Visita infantil a la Biblioteca del ICAB» room=»Antesala de la Biblioteca»][/om_agenda_item][/om_agenda_day][/om_agenda][/vc_column][/vc_row]</p>

<p>[vc_row][vc_column][vc_column_text] VISITA INFANTIL A LA BIBLIOTECA   El sábado 31 de enero de 2026, a las 16 h, tendrá lugar una visita infantil a la Biblioteca&hellip;</p>
<p><a href="https://santraimon.cat/es/visita-infantil-biblioteca/" class="read-more-link"><span class="read-more-icon"></span>Read more</a></p>
